{"id":2,"date":"2022-11-30T05:25:00","date_gmt":"2022-11-30T05:25:00","guid":{"rendered":"https:\/\/landingpages-handelsblatt-com.mystagingwebsite.com\/testsite1\/?page_id=2"},"modified":"2026-02-04T07:47:48","modified_gmt":"2026-02-04T07:47:48","slug":"15220-2","status":"publish","type":"page","link":"https:\/\/newsletter.handelsblatt.com\/energie-briefing\/","title":{"rendered":"Startseite"},"content":{"rendered":"","protected":false},"excerpt":{"rendered":"","protected":false},"author":2,"featured_media":0,"parent":0,"menu_order":0,"comment_status":"closed","ping_status":"closed","template":"","meta":{"_acf_changed":false,"footnotes":""},"class_list":["post-2","page","type-page","status-publish","hentry"],"acf":[],"yoast_head":"<!-- This site is optimized with the Yoast SEO plugin v27.1.1 - https:\/\/yoast.com\/product\/yoast-seo-wordpress\/ -->\n<title>Handelsblatt Energie Briefing - Newsletter zur Energiewirtschaft<\/title>\n<meta name=\"description\" content=\"Erhalten Sie\u202fjeden Freitag um 12 Uhr die wichtigsten News\u202faus der Energiewirtschaft in unserem Energie Briefing.\u00a0\u00a0\" \/>\n<meta name=\"robots\" content=\"index, follow, max-snippet:-1, max-image-preview:large, max-video-preview:-1\" \/>\n<link rel=\"canonical\" href=\"https:\/\/newsletter.handelsblatt.com\/energie-briefing\/\" \/>\n<meta property=\"og:locale\" content=\"de_DE\" \/>\n<meta property=\"og:type\" content=\"article\" \/>\n<meta property=\"og:title\" content=\"Newsletter: Energie Briefing\" \/>\n<meta property=\"og:description\" content=\"Jeden Freitag erhalten Sie mit dem Handelsblatt Energie Briefing einen \u00dcberblick \u00fcber die wichtigsten Nachrichten aus den Bereichen Technik, Politik, Unternehmen und Mobilit\u00e4t direkt in Ihr E-Mail-Postfach.\" \/>\n<meta property=\"og:url\" content=\"https:\/\/newsletter.handelsblatt.com\/energie-briefing\/\" \/>\n<meta property=\"og:site_name\" content=\"Handelsblatt Energie Briefing\" \/>\n<meta property=\"article:modified_time\" content=\"2026-02-04T07:47:48+00:00\" \/>\n<meta property=\"og:image\" content=\"https:\/\/newsletter.handelsblatt.com\/energie-briefing\/wp-content\/uploads\/sites\/2\/2023\/05\/Energie-Briefing.png\" \/>\n\t<meta property=\"og:image:width\" content=\"1920\" \/>\n\t<meta property=\"og:image:height\" content=\"1080\" \/>\n\t<meta property=\"og:image:type\" content=\"image\/png\" \/>\n<meta name=\"twitter:card\" content=\"summary_large_image\" \/>\n<meta name=\"twitter:title\" content=\"Newsletter: Energie Briefing\" \/>\n<meta name=\"twitter:description\" content=\"Jeden Freitag erhalten Sie mit dem Handelsblatt Energie Briefing einen \u00dcberblick \u00fcber die wichtigsten Nachrichten aus den Bereichen Technik, Politik, Unternehmen und Mobilit\u00e4t direkt in Ihr E-Mail-Postfach.\" \/>\n<meta name=\"twitter:image\" content=\"https:\/\/newsletter.handelsblatt.com\/energie-briefing\/wp-content\/uploads\/sites\/2\/2023\/05\/Energie-Briefing.png\" \/>\n<script type=\"application\/ld+json\" class=\"yoast-schema-graph\">{\"@context\":\"https:\/\/schema.org\",\"@graph\":[{\"@type\":\"WebPage\",\"@id\":\"https:\/\/newsletter.handelsblatt.com\/energie-briefing\/\",\"url\":\"https:\/\/newsletter.handelsblatt.com\/energie-briefing\/\",\"name\":\"Handelsblatt Energie Briefing - Newsletter zur Energiewirtschaft\",\"isPartOf\":{\"@id\":\"https:\/\/newsletter.handelsblatt.com\/energie-briefing\/#website\"},\"datePublished\":\"2022-11-30T05:25:00+00:00\",\"dateModified\":\"2026-02-04T07:47:48+00:00\",\"description\":\"Erhalten Sie\u202fjeden Freitag um 12 Uhr die wichtigsten News\u202faus der Energiewirtschaft in unserem Energie Briefing.\u00a0\u00a0\",\"breadcrumb\":{\"@id\":\"https:\/\/newsletter.handelsblatt.com\/energie-briefing\/#breadcrumb\"},\"inLanguage\":\"de\",\"potentialAction\":[{\"@type\":\"ReadAction\",\"target\":[\"https:\/\/newsletter.handelsblatt.com\/energie-briefing\/\"]}]},{\"@type\":\"BreadcrumbList\",\"@id\":\"https:\/\/newsletter.handelsblatt.com\/energie-briefing\/#breadcrumb\",\"itemListElement\":[{\"@type\":\"ListItem\",\"position\":1,\"name\":\"Startseite\",\"item\":\"https:\/\/newsletter.handelsblatt.com\/energie-briefing\/\"},{\"@type\":\"ListItem\",\"position\":2,\"name\":\"Startseite\"}]},{\"@type\":\"WebSite\",\"@id\":\"https:\/\/newsletter.handelsblatt.com\/energie-briefing\/#website\",\"url\":\"https:\/\/newsletter.handelsblatt.com\/energie-briefing\/\",\"name\":\"Handelsblatt Energie Briefing\",\"description\":\"Newsletter Landingpage\",\"potentialAction\":[{\"@type\":\"SearchAction\",\"target\":{\"@type\":\"EntryPoint\",\"urlTemplate\":\"https:\/\/newsletter.handelsblatt.com\/energie-briefing\/?s={search_term_string}\"},\"query-input\":{\"@type\":\"PropertyValueSpecification\",\"valueRequired\":true,\"valueName\":\"search_term_string\"}}],\"inLanguage\":\"de\"}]}<\/script>\n<!-- \/ Yoast SEO plugin. -->","yoast_head_json":{"title":"Handelsblatt Energie Briefing - Newsletter zur Energiewirtschaft","description":"Erhalten Sie\u202fjeden Freitag um 12 Uhr die wichtigsten News\u202faus der Energiewirtschaft in unserem Energie Briefing.\u00a0\u00a0","robots":{"index":"index","follow":"follow","max-snippet":"max-snippet:-1","max-image-preview":"max-image-preview:large","max-video-preview":"max-video-preview:-1"},"canonical":"https:\/\/newsletter.handelsblatt.com\/energie-briefing\/","og_locale":"de_DE","og_type":"article","og_title":"Newsletter: Energie Briefing","og_description":"Jeden Freitag erhalten Sie mit dem Handelsblatt Energie Briefing einen \u00dcberblick \u00fcber die wichtigsten Nachrichten aus den Bereichen Technik, Politik, Unternehmen und Mobilit\u00e4t direkt in Ihr E-Mail-Postfach.","og_url":"https:\/\/newsletter.handelsblatt.com\/energie-briefing\/","og_site_name":"Handelsblatt Energie Briefing","article_modified_time":"2026-02-04T07:47:48+00:00","og_image":[{"width":1920,"height":1080,"url":"https:\/\/newsletter.handelsblatt.com\/energie-briefing\/wp-content\/uploads\/sites\/2\/2023\/05\/Energie-Briefing.png","type":"image\/png"}],"twitter_card":"summary_large_image","twitter_title":"Newsletter: Energie Briefing","twitter_description":"Jeden Freitag erhalten Sie mit dem Handelsblatt Energie Briefing einen \u00dcberblick \u00fcber die wichtigsten Nachrichten aus den Bereichen Technik, Politik, Unternehmen und Mobilit\u00e4t direkt in Ihr E-Mail-Postfach.","twitter_image":"https:\/\/newsletter.handelsblatt.com\/energie-briefing\/wp-content\/uploads\/sites\/2\/2023\/05\/Energie-Briefing.png","schema":{"@context":"https:\/\/schema.org","@graph":[{"@type":"WebPage","@id":"https:\/\/newsletter.handelsblatt.com\/energie-briefing\/","url":"https:\/\/newsletter.handelsblatt.com\/energie-briefing\/","name":"Handelsblatt Energie Briefing - Newsletter zur Energiewirtschaft","isPartOf":{"@id":"https:\/\/newsletter.handelsblatt.com\/energie-briefing\/#website"},"datePublished":"2022-11-30T05:25:00+00:00","dateModified":"2026-02-04T07:47:48+00:00","description":"Erhalten Sie\u202fjeden Freitag um 12 Uhr die wichtigsten News\u202faus der Energiewirtschaft in unserem Energie Briefing.\u00a0\u00a0","breadcrumb":{"@id":"https:\/\/newsletter.handelsblatt.com\/energie-briefing\/#breadcrumb"},"inLanguage":"de","potentialAction":[{"@type":"ReadAction","target":["https:\/\/newsletter.handelsblatt.com\/energie-briefing\/"]}]},{"@type":"BreadcrumbList","@id":"https:\/\/newsletter.handelsblatt.com\/energie-briefing\/#breadcrumb","itemListElement":[{"@type":"ListItem","position":1,"name":"Startseite","item":"https:\/\/newsletter.handelsblatt.com\/energie-briefing\/"},{"@type":"ListItem","position":2,"name":"Startseite"}]},{"@type":"WebSite","@id":"https:\/\/newsletter.handelsblatt.com\/energie-briefing\/#website","url":"https:\/\/newsletter.handelsblatt.com\/energie-briefing\/","name":"Handelsblatt Energie Briefing","description":"Newsletter Landingpage","potentialAction":[{"@type":"SearchAction","target":{"@type":"EntryPoint","urlTemplate":"https:\/\/newsletter.handelsblatt.com\/energie-briefing\/?s={search_term_string}"},"query-input":{"@type":"PropertyValueSpecification","valueRequired":true,"valueName":"search_term_string"}}],"inLanguage":"de"}]}},"_links":{"self":[{"href":"https:\/\/newsletter.handelsblatt.com\/energie-briefing\/wp-json\/wp\/v2\/pages\/2","targetHints":{"allow":["GET"]}}],"collection":[{"href":"https:\/\/newsletter.handelsblatt.com\/energie-briefing\/wp-json\/wp\/v2\/pages"}],"about":[{"href":"https:\/\/newsletter.handelsblatt.com\/energie-briefing\/wp-json\/wp\/v2\/types\/page"}],"author":[{"embeddable":true,"href":"https:\/\/newsletter.handelsblatt.com\/energie-briefing\/wp-json\/wp\/v2\/users\/2"}],"replies":[{"embeddable":true,"href":"https:\/\/newsletter.handelsblatt.com\/energie-briefing\/wp-json\/wp\/v2\/comments?post=2"}],"version-history":[{"count":135,"href":"https:\/\/newsletter.handelsblatt.com\/energie-briefing\/wp-json\/wp\/v2\/pages\/2\/revisions"}],"predecessor-version":[{"id":794,"href":"https:\/\/newsletter.handelsblatt.com\/energie-briefing\/wp-json\/wp\/v2\/pages\/2\/revisions\/794"}],"wp:attachment":[{"href":"https:\/\/newsletter.handelsblatt.com\/energie-briefing\/wp-json\/wp\/v2\/media?parent=2"}],"curies":[{"name":"wp","href":"https:\/\/api.w.org\/{rel}","templated":true}]}}